{"id":6847,"date":"2022-04-12T08:02:23","date_gmt":"2022-04-12T08:02:23","guid":{"rendered":"https:\/\/geolight.ch\/?page_id=6847"},"modified":"2022-04-12T15:41:04","modified_gmt":"2022-04-12T15:41:04","slug":"legno","status":"publish","type":"page","link":"https:\/\/geolight.ch\/?page_id=6847","title":{"rendered":"GeoLight Legno"},"content":{"rendered":"\t\t<div data-elementor-type=\"wp-page\" data-elementor-id=\"6847\" class=\"elementor elementor-6847\" data-elementor-settings=\"[]\">\n\t\t\t\t\t\t\t<div class=\"elementor-section-wrap\">\n\t\t\t\t\t\t\t<section class=\"elementor-section elementor-top-section elementor-element elementor-element-c5139ea elementor-section-boxed elementor-section-height-default elementor-section-height-default\" data-id=\"c5139ea\" data-element_type=\"section\">\n\t\t\t\t\t\t<div class=\"elementor-container elementor-column-gap-default\">\n\t\t\t\t\t<div class=\"elementor-column elementor-col-100 elementor-top-column elementor-element elementor-element-c28525d\" data-id=\"c28525d\" data-element_type=\"column\">\n\t\t\t<div class=\"elementor-widget-wrap elementor-element-populated\">\n\t\t\t\t\t\t\t\t<div class=\"elementor-element elementor-element-9b934e2 elementor-widget elementor-widget-heading\" data-id=\"9b934e2\" data-element_type=\"widget\" data-widget_type=\"heading.default\">\n\t\t\t\t<div class=\"elementor-widget-container\">\n\t\t\t<style>\/*! elementor - v3.5.6 - 28-02-2022 *\/\n.elementor-heading-title{padding:0;margin:0;line-height:1}.elementor-widget-heading .elementor-heading-title[class*=elementor-size-]>a{color:inherit;font-size:inherit;line-height:inherit}.elementor-widget-heading .elementor-heading-title.elementor-size-small{font-size:15px}.elementor-widget-heading .elementor-heading-title.elementor-size-medium{font-size:19px}.elementor-widget-heading .elementor-heading-title.elementor-size-large{font-size:29px}.elementor-widget-heading .elementor-heading-title.elementor-size-xl{font-size:39px}.elementor-widget-heading .elementor-heading-title.elementor-size-xxl{font-size:59px}<\/style><h1 class=\"elementor-heading-title elementor-size-default\">GeoLight Legno<\/h1>\t\t<\/div>\n\t\t\t\t<\/div>\n\t\t\t\t\t<\/div>\n\t\t<\/div>\n\t\t\t\t\t\t\t<\/div>\n\t\t<\/section>\n\t\t\t\t<section class=\"elementor-section elementor-top-section elementor-element elementor-element-7bdaf88 elementor-section-boxed elementor-section-height-default elementor-section-height-default\" data-id=\"7bdaf88\" data-element_type=\"section\">\n\t\t\t\t\t\t<div class=\"elementor-container elementor-column-gap-default\">\n\t\t\t\t\t<div class=\"elementor-column elementor-col-100 elementor-top-column elementor-element elementor-element-a8c2cab\" data-id=\"a8c2cab\" data-element_type=\"column\">\n\t\t\t<div class=\"elementor-widget-wrap\">\n\t\t\t\t\t\t\t\t\t<\/div>\n\t\t<\/div>\n\t\t\t\t\t\t\t<\/div>\n\t\t<\/section>\n\t\t\t\t<section class=\"elementor-section elementor-top-section elementor-element elementor-element-7634724 elementor-section-boxed elementor-section-height-default elementor-section-height-default\" data-id=\"7634724\" data-element_type=\"section\">\n\t\t\t\t\t\t<div class=\"elementor-container elementor-column-gap-default\">\n\t\t\t\t\t<div class=\"elementor-column elementor-col-100 elementor-top-column elementor-element elementor-element-34118ac\" data-id=\"34118ac\" data-element_type=\"column\">\n\t\t\t<div class=\"elementor-widget-wrap elementor-element-populated\">\n\t\t\t\t\t\t\t\t<div class=\"elementor-element elementor-element-725bf4e elementor-widget elementor-widget-text-editor\" data-id=\"725bf4e\" data-element_type=\"widget\" data-widget_type=\"text-editor.default\">\n\t\t\t\t<div class=\"elementor-widget-container\">\n\t\t\t<style>\/*! elementor - v3.5.6 - 28-02-2022 *\/\n.elementor-widget-text-editor.elementor-drop-cap-view-stacked .elementor-drop-cap{background-color:#818a91;color:#fff}.elementor-widget-text-editor.elementor-drop-cap-view-framed .elementor-drop-cap{color:#818a91;border:3px solid;background-color:transparent}.elementor-widget-text-editor:not(.elementor-drop-cap-view-default) .elementor-drop-cap{margin-top:8px}.elementor-widget-text-editor:not(.elementor-drop-cap-view-default) .elementor-drop-cap-letter{width:1em;height:1em}.elementor-widget-text-editor .elementor-drop-cap{float:left;text-align:center;line-height:1;font-size:50px}.elementor-widget-text-editor .elementor-drop-cap-letter{display:inline-block}<\/style>\t\t\t\t<h3>Licht im Design der Heiligen Geometrie<\/h3><p>Licht ist nicht nur Grundlage allen Lebens, sondern auch Symbol f\u00fcr das Bewusstsein. Licht gibt uns Orientierung, innere Klarheit und F\u00fchrung. Jedes Mal, wenn uns \u201aein Licht aufgeht\u2018, schreiten wir bereichert aus einer Erfahrung heraus. Wir sind bewusster, vielleicht sogar ein bisschen weiser geworden.<\/p><p>Heilige Geometrie ist das unsichtbare Muster, das der Sch\u00f6pfung zugrunde liegt. Es bildet nicht nur den Bauplan f\u00fcr die sichtbare Materie, sondern auch f\u00fcr die dahinter liegenden Dimensionen. Gem\u00e4ss neusten Hypothesen sind das Vakuum und die Tiefen des Raumes mit Geometrie erf\u00fcllt.<\/p><p>GeoLight ist eine Leuchte mit einer universellen Botschaft: Sie vereint das Leben-spendende Licht mit Bewusstseins-erweiternder Geometrie. Sie inspiriert den Betrachter und verbreitet mit einem verzaubernden Licht- und Schattenspiel ein harmonisierendes Energiefeld.<\/p><p>Jede GeoLight-Leuchte wird in der Schweiz hergestellt und einzeln von Hand zusammengebaut.<\/p>\t\t\t\t\t\t<\/div>\n\t\t\t\t<\/div>\n\t\t\t\t<div class=\"elementor-element elementor-element-74a4754 elementor-widget elementor-widget-wpzoom-elementor-addons-slider\" data-id=\"74a4754\" data-element_type=\"widget\" data-settings=\"{&quot;animation_speed&quot;:300,&quot;autoplay&quot;:&quot;yes&quot;,&quot;autoplay_speed&quot;:3000,&quot;loop&quot;:&quot;yes&quot;,&quot;slides_to_show&quot;:1,&quot;slides_to_show_tablet&quot;:1,&quot;slides_to_show_mobile&quot;:1,&quot;navigation&quot;:&quot;arrow&quot;}\" data-widget_type=\"wpzoom-elementor-addons-slider.default\">\n\t\t\t\t<div class=\"elementor-widget-container\">\n\t\t\t<div class=\"wpzjs-slick wpz-slick wpz-slick--slider\">\n\n\t\t\t\n\t\t\t\t<div class=\"wpz-slick-slide\">\n\n\t\t\t\t\t<div class=\"wpz-slick-item\">\n\n\t\t\t\t\t\t\t\t\t\t\t\t\t<img class=\"wpz-slick-img\" src=\"https:\/\/geolight.ch\/wp-content\/uploads\/2022\/04\/DSC_8615-1024x681.jpg\" alt=\"\">\n\t\t\t\t\t\t\n\t\t\t\t\t\t\n\t\t\t\t\t\t\n\t\t\t\t\t<\/div>\n\n\t\t\t\t<\/div>\n\n\t\t\t\n\t\t\t\t<div class=\"wpz-slick-slide\">\n\n\t\t\t\t\t<div class=\"wpz-slick-item\">\n\n\t\t\t\t\t\t\t\t\t\t\t\t\t<img class=\"wpz-slick-img\" src=\"https:\/\/geolight.ch\/wp-content\/uploads\/2022\/04\/DSC_8639-1024x681.jpg\" alt=\"\">\n\t\t\t\t\t\t\n\t\t\t\t\t\t\n\t\t\t\t\t\t\n\t\t\t\t\t<\/div>\n\n\t\t\t\t<\/div>\n\n\t\t\t\n\t\t\t\t<div class=\"wpz-slick-slide\">\n\n\t\t\t\t\t<div class=\"wpz-slick-item\">\n\n\t\t\t\t\t\t\t\t\t\t\t\t\t<img class=\"wpz-slick-img\" src=\"https:\/\/geolight.ch\/wp-content\/uploads\/2022\/04\/DSC_8578-1024x681.jpg\" alt=\"\">\n\t\t\t\t\t\t\n\t\t\t\t\t\t\n\t\t\t\t\t\t\n\t\t\t\t\t<\/div>\n\n\t\t\t\t<\/div>\n\n\t\t\t\n\t\t\t\t<div class=\"wpz-slick-slide\">\n\n\t\t\t\t\t<div class=\"wpz-slick-item\">\n\n\t\t\t\t\t\t\t\t\t\t\t\t\t<img class=\"wpz-slick-img\" src=\"https:\/\/geolight.ch\/wp-content\/uploads\/2022\/04\/DSC_8605-1024x681.jpg\" alt=\"\">\n\t\t\t\t\t\t\n\t\t\t\t\t\t\n\t\t\t\t\t\t\n\t\t\t\t\t<\/div>\n\n\t\t\t\t<\/div>\n\n\t\t\t\n\t\t\t\t<div class=\"wpz-slick-slide\">\n\n\t\t\t\t\t<div class=\"wpz-slick-item\">\n\n\t\t\t\t\t\t\t\t\t\t\t\t\t<img class=\"wpz-slick-img\" src=\"https:\/\/geolight.ch\/wp-content\/uploads\/2022\/04\/GeoLight-Legno-1024x633.jpg\" alt=\"\">\n\t\t\t\t\t\t\n\t\t\t\t\t\t\n\t\t\t\t\t\t\n\t\t\t\t\t<\/div>\n\n\t\t\t\t<\/div>\n\n\t\t\t\n\t\t<\/div>\n\n\t\t\t\t\t<button type=\"button\" class=\"slick-prev\"><i aria-hidden=\"true\" class=\"fas fa-chevron-left\"><\/i><\/button>\n\t\t\n\t\t\t\t\t<button type=\"button\" class=\"slick-next\"><i aria-hidden=\"true\" class=\"fas fa-chevron-right\"><\/i><\/button>\n\t\t\n\t\t\t\t<\/div>\n\t\t\t\t<\/div>\n\t\t\t\t\t<\/div>\n\t\t<\/div>\n\t\t\t\t\t\t\t<\/div>\n\t\t<\/section>\n\t\t\t\t<section class=\"elementor-section elementor-top-section elementor-element elementor-element-2480963 elementor-section-boxed elementor-section-height-default elementor-section-height-default\" data-id=\"2480963\" data-element_type=\"section\">\n\t\t\t\t\t\t<div class=\"elementor-container elementor-column-gap-default\">\n\t\t\t\t\t<div class=\"elementor-column elementor-col-100 elementor-top-column elementor-element elementor-element-91f7889\" data-id=\"91f7889\" data-element_type=\"column\">\n\t\t\t<div class=\"elementor-widget-wrap elementor-element-populated\">\n\t\t\t\t\t\t\t\t<div class=\"elementor-element elementor-element-47f5c06 elementor-aspect-ratio-169 elementor-widget elementor-widget-video\" data-id=\"47f5c06\" data-element_type=\"widget\" data-settings=\"{&quot;video_type&quot;:&quot;hosted&quot;,&quot;controls&quot;:&quot;yes&quot;,&quot;aspect_ratio&quot;:&quot;169&quot;}\" data-widget_type=\"video.default\">\n\t\t\t\t<div class=\"elementor-widget-container\">\n\t\t\t<style>\/*! elementor - v3.5.6 - 28-02-2022 *\/\n.elementor-widget-video .elementor-widget-container{overflow:hidden;-webkit-transform:translateZ(0);transform:translateZ(0)}.elementor-widget-video .elementor-open-inline .elementor-custom-embed-image-overlay{position:absolute;top:0;left:0;width:100%;height:100%;-webkit-background-size:cover;background-size:cover;background-position:50%}.elementor-widget-video .elementor-custom-embed-image-overlay{cursor:pointer;text-align:center}.elementor-widget-video .elementor-custom-embed-image-overlay:hover .elementor-custom-embed-play i{opacity:1}.elementor-widget-video .elementor-custom-embed-image-overlay img{display:block;width:100%}.elementor-widget-video .e-hosted-video .elementor-video{-o-object-fit:cover;object-fit:cover}<\/style>\t\t<div class=\"e-hosted-video elementor-wrapper elementor-fit-aspect-ratio elementor-open-inline\">\n\t\t\t\t\t<video class=\"elementor-video\" src=\"https:\/\/geolight.ch\/wp-content\/uploads\/2022\/04\/GeoLight-Imagevideo-12.01.2022.mp4\" controls=\"\" controlsList=\"nodownload\"><\/video>\n\t\t\t\t<\/div>\n\t\t\t\t<\/div>\n\t\t\t\t<\/div>\n\t\t\t\t\t<\/div>\n\t\t<\/div>\n\t\t\t\t\t\t\t<\/div>\n\t\t<\/section>\n\t\t\t\t<section class=\"elementor-section elementor-top-section elementor-element elementor-element-083a8ba elementor-section-boxed elementor-section-height-default elementor-section-height-default\" data-id=\"083a8ba\" data-element_type=\"section\">\n\t\t\t\t\t\t<div class=\"elementor-container elementor-column-gap-default\">\n\t\t\t\t\t<div class=\"elementor-column elementor-col-100 elementor-top-column elementor-element elementor-element-4fd0eb2\" data-id=\"4fd0eb2\" data-element_type=\"column\">\n\t\t\t<div class=\"elementor-widget-wrap elementor-element-populated\">\n\t\t\t\t\t\t\t\t<div class=\"elementor-element elementor-element-7704719 elementor-widget elementor-widget-text-editor\" data-id=\"7704719\" data-element_type=\"widget\" data-widget_type=\"text-editor.default\">\n\t\t\t\t<div class=\"elementor-widget-container\">\n\t\t\t\t\t\t\t<h3>GeoLight: Inspiration &amp; Harmonisierung<\/h3><p>Die GeoLight-Leuchte ist die sph\u00e4rische Verschmelzung aller 5 Platonischen K\u00f6rper. Zusammen bilden sie die dreidimensionale Blume des Lebens, die ein faszinierendes Muster an die Wand zaubert.<br \/>Viele Menschen erz\u00e4hlen begeistert, dass die GeoLight sie inspiriert und gleichzeitig den Raum harmonisiert.<\/p>\t\t\t\t\t\t<\/div>\n\t\t\t\t<\/div>\n\t\t\t\t\t<\/div>\n\t\t<\/div>\n\t\t\t\t\t\t\t<\/div>\n\t\t<\/section>\n\t\t\t\t<section class=\"elementor-section elementor-top-section elementor-element elementor-element-f7f94a9 elementor-section-boxed elementor-section-height-default elementor-section-height-default\" data-id=\"f7f94a9\" data-element_type=\"section\">\n\t\t\t\t\t\t<div class=\"elementor-container elementor-column-gap-default\">\n\t\t\t\t\t<div class=\"elementor-column elementor-col-100 elementor-top-column elementor-element elementor-element-38328fc\" data-id=\"38328fc\" data-element_type=\"column\">\n\t\t\t<div class=\"elementor-widget-wrap elementor-element-populated\">\n\t\t\t\t\t\t\t\t<div class=\"elementor-element elementor-element-beffba0 elementor-widget elementor-widget-image\" data-id=\"beffba0\" data-element_type=\"widget\" data-widget_type=\"image.default\">\n\t\t\t\t<div class=\"elementor-widget-container\">\n\t\t\t<style>\/*! elementor - v3.5.6 - 28-02-2022 *\/\n.elementor-widget-image{text-align:center}.elementor-widget-image a{display:inline-block}.elementor-widget-image a img[src$=\".svg\"]{width:48px}.elementor-widget-image img{vertical-align:middle;display:inline-block}<\/style>\t\t\t\t\t\t\t\t\t\t\t\t<img width=\"777\" height=\"745\" src=\"https:\/\/geolight.ch\/wp-content\/uploads\/2022\/04\/Platonische-Koerper.jpg\" class=\"attachment-large size-large\" alt=\"\" loading=\"lazy\" srcset=\"https:\/\/geolight.ch\/wp-content\/uploads\/2022\/04\/Platonische-Koerper.jpg 777w, https:\/\/geolight.ch\/wp-content\/uploads\/2022\/04\/Platonische-Koerper-300x288.jpg 300w, https:\/\/geolight.ch\/wp-content\/uploads\/2022\/04\/Platonische-Koerper-768x736.jpg 768w\" sizes=\"100vw\" \/>\t\t\t\t\t\t\t\t\t\t\t\t\t\t\t<\/div>\n\t\t\t\t<\/div>\n\t\t\t\t\t<\/div>\n\t\t<\/div>\n\t\t\t\t\t\t\t<\/div>\n\t\t<\/section>\n\t\t\t\t<section class=\"elementor-section elementor-top-section elementor-element elementor-element-54e6623 elementor-section-boxed elementor-section-height-default elementor-section-height-default\" data-id=\"54e6623\" data-element_type=\"section\">\n\t\t\t\t\t\t<div class=\"elementor-container elementor-column-gap-default\">\n\t\t\t\t\t<div class=\"elementor-column elementor-col-100 elementor-top-column elementor-element elementor-element-90ea690\" data-id=\"90ea690\" data-element_type=\"column\">\n\t\t\t<div class=\"elementor-widget-wrap elementor-element-populated\">\n\t\t\t\t\t\t\t\t<div class=\"elementor-element elementor-element-1fd40f1 elementor-widget elementor-widget-text-editor\" data-id=\"1fd40f1\" data-element_type=\"widget\" data-widget_type=\"text-editor.default\">\n\t\t\t\t<div class=\"elementor-widget-container\">\n\t\t\t\t\t\t\t<h3>H\u00e4ngeleuchte oder Bodenlampe<\/h3><p>Die Faszination der GeoLight Legno entfaltet sich nachts: Das Licht- und Schattenspiel projiziert das Muster der Blume des Lebens an W\u00e4nde,Decke und Boden. Gleichzeitig strahlt sie die harmonisierende Energie der Heiligen Geometrie in den Raum hinaus.<\/p><p>Als H\u00e4ngeleuchte schwebt die GeoLight Legno wie ein Gestirn im Raum. Das Schattenspiel entfaltet sich am st\u00e4rksten auf der Decke und an den umliegenden W\u00e4nden.<\/p><p>Als Bodenlampe verteilt sich das Licht-Schatten-Spiel \u00fcber den Boden und die umliegenden W\u00e4nde. Die GeoLight Legno ist formstabil und kann deshalb direkt auf den Boden gestellt werden.<\/p>\t\t\t\t\t\t<\/div>\n\t\t\t\t<\/div>\n\t\t\t\t<div class=\"elementor-element elementor-element-cca3453 elementor-widget elementor-widget-wpzoom-elementor-addons-carousel\" data-id=\"cca3453\" data-element_type=\"widget\" data-settings=\"{&quot;animation_speed&quot;:300,&quot;autoplay&quot;:&quot;yes&quot;,&quot;autoplay_speed&quot;:3000,&quot;loop&quot;:&quot;yes&quot;,&quot;navigation&quot;:&quot;arrow&quot;,&quot;slides_to_show&quot;:4,&quot;slides_to_show_tablet&quot;:3,&quot;slides_to_show_mobile&quot;:2}\" data-widget_type=\"wpzoom-elementor-addons-carousel.default\">\n\t\t\t\t<div class=\"elementor-widget-container\">\n\t\t\t<div class=\"wpzjs-slick wpz-slick wpz-slick--carousel\">\n\n\t\t\t\n\t\t\t\t<div class=\"wpz-slick-slide\">\n\t\t\t\t\t<a class=\"wpz-slick-item\" href=\"https:\/\/geolight.ch\/wp-content\/uploads\/2022\/04\/GeoLight-Legno-1-scaled.jpg\">\n\t\t\t\t\t\t\t\t\t\t\t\t\t<img class=\"wpz-slick-img\" src=\"https:\/\/geolight.ch\/wp-content\/uploads\/2022\/04\/GeoLight-Legno-1-768x512.jpg\" alt=\"\">\n\t\t\t\t\t\t\n\t\t\t\t\t\t\t\t\t\t\t\t\t<div class=\"wpz-slick-content\">\n\t\t\t\t\t\t\t\t\t\t\t\t\t\t\t\t\t\t\t\t\t\t\t\t\t<p class=\"wpz-slick-subtitle\">Ein Licht, das verzaubert<\/p>\n\t\t\t\t\t\t\t\t\t\t\t\t\t\t\t<\/div>\n\t\t\t\t\t\t\t\t\t\t\t<\/a>\n\t\t\t\t<\/div>\n\n\t\t\t\n\t\t\t\t<div class=\"wpz-slick-slide\">\n\t\t\t\t\t<a class=\"wpz-slick-item\" href=\"https:\/\/geolight.ch\/wp-content\/uploads\/2022\/04\/GeoLight-Legno-2-scaled.jpg\">\n\t\t\t\t\t\t\t\t\t\t\t\t\t<img class=\"wpz-slick-img\" src=\"https:\/\/geolight.ch\/wp-content\/uploads\/2022\/04\/GeoLight-Legno-2-768x474.jpg\" alt=\"\">\n\t\t\t\t\t\t\n\t\t\t\t\t\t\t\t\t\t\t\t\t<div class=\"wpz-slick-content\">\n\t\t\t\t\t\t\t\t\t\t\t\t\t\t\t\t\t\t\t\t\t\t\t\t\t<p class=\"wpz-slick-subtitle\">Faszinierender Schattenwurf<\/p>\n\t\t\t\t\t\t\t\t\t\t\t\t\t\t\t<\/div>\n\t\t\t\t\t\t\t\t\t\t\t<\/a>\n\t\t\t\t<\/div>\n\n\t\t\t\n\t\t\t\t<div class=\"wpz-slick-slide\">\n\t\t\t\t\t<a class=\"wpz-slick-item\" href=\"https:\/\/geolight.ch\/wp-content\/uploads\/2022\/04\/GeoLight-Legno-4-scaled.jpg\">\n\t\t\t\t\t\t\t\t\t\t\t\t\t<img class=\"wpz-slick-img\" src=\"https:\/\/geolight.ch\/wp-content\/uploads\/2022\/04\/GeoLight-Legno-4-768x474.jpg\" alt=\"\">\n\t\t\t\t\t\t\n\t\t\t\t\t\t\t\t\t\t\t\t\t<div class=\"wpz-slick-content\">\n\t\t\t\t\t\t\t\t\t\t\t\t\t\t\t\t\t\t\t\t\t\t\t\t\t<p class=\"wpz-slick-subtitle\">Inspirierender Durchblick<\/p>\n\t\t\t\t\t\t\t\t\t\t\t\t\t\t\t<\/div>\n\t\t\t\t\t\t\t\t\t\t\t<\/a>\n\t\t\t\t<\/div>\n\n\t\t\t\n\t\t\t\t<div class=\"wpz-slick-slide\">\n\t\t\t\t\t<a class=\"wpz-slick-item\" href=\"https:\/\/geolight.ch\/wp-content\/uploads\/2022\/04\/GeoLight-Legno-5-scaled.jpg\">\n\t\t\t\t\t\t\t\t\t\t\t\t\t<img class=\"wpz-slick-img\" src=\"https:\/\/geolight.ch\/wp-content\/uploads\/2022\/04\/GeoLight-Legno-5-768x474.jpg\" alt=\"\">\n\t\t\t\t\t\t\n\t\t\t\t\t\t\t\t\t\t\t\t\t<div class=\"wpz-slick-content\">\n\t\t\t\t\t\t\t\t\t\t\t\t\t\t\t\t\t\t\t\t\t\t\t\t\t<p class=\"wpz-slick-subtitle\">5 Watt Spiral-LED<\/p>\n\t\t\t\t\t\t\t\t\t\t\t\t\t\t\t<\/div>\n\t\t\t\t\t\t\t\t\t\t\t<\/a>\n\t\t\t\t<\/div>\n\n\t\t\t\n\t\t\t\t<div class=\"wpz-slick-slide\">\n\t\t\t\t\t<a class=\"wpz-slick-item\" href=\"https:\/\/geolight.ch\/wp-content\/uploads\/2022\/04\/GeoLight-Legno-6-scaled.jpg\">\n\t\t\t\t\t\t\t\t\t\t\t\t\t<img class=\"wpz-slick-img\" src=\"https:\/\/geolight.ch\/wp-content\/uploads\/2022\/04\/GeoLight-Legno-6-768x512.jpg\" alt=\"\">\n\t\t\t\t\t\t\n\t\t\t\t\t\t\t\t\t\t\t\t\t<div class=\"wpz-slick-content\">\n\t\t\t\t\t\t\t\t\t\t\t\t\t\t\t\t\t\t\t\t\t\t\t\t\t<p class=\"wpz-slick-subtitle\">Vollendete Geometrie<\/p>\n\t\t\t\t\t\t\t\t\t\t\t\t\t\t\t<\/div>\n\t\t\t\t\t\t\t\t\t\t\t<\/a>\n\t\t\t\t<\/div>\n\n\t\t\t\n\t\t\t\t<div class=\"wpz-slick-slide\">\n\t\t\t\t\t<a class=\"wpz-slick-item\" href=\"https:\/\/geolight.ch\/wp-content\/uploads\/2022\/04\/GeoLight-Legno-7-scaled.jpg\">\n\t\t\t\t\t\t\t\t\t\t\t\t\t<img class=\"wpz-slick-img\" src=\"https:\/\/geolight.ch\/wp-content\/uploads\/2022\/04\/GeoLight-Legno-7-768x512.jpg\" alt=\"\">\n\t\t\t\t\t\t\n\t\t\t\t\t\t\t\t\t\t\t\t\t<div class=\"wpz-slick-content\">\n\t\t\t\t\t\t\t\t\t\t\t\t\t\t\t\t\t\t\t\t\t\t\t\t\t<p class=\"wpz-slick-subtitle\">Edle Materialien<\/p>\n\t\t\t\t\t\t\t\t\t\t\t\t\t\t\t<\/div>\n\t\t\t\t\t\t\t\t\t\t\t<\/a>\n\t\t\t\t<\/div>\n\n\t\t\t\n\t\t\t\t<div class=\"wpz-slick-slide\">\n\t\t\t\t\t<a class=\"wpz-slick-item\" href=\"https:\/\/geolight.ch\/wp-content\/uploads\/2022\/04\/GeoLight-beide-Groessen-scaled.jpg\">\n\t\t\t\t\t\t\t\t\t\t\t\t\t<img class=\"wpz-slick-img\" src=\"https:\/\/geolight.ch\/wp-content\/uploads\/2022\/04\/GeoLight-beide-Groessen-768x493.jpg\" alt=\"\">\n\t\t\t\t\t\t\n\t\t\t\t\t\t\t\t\t\t\t\t\t<div class=\"wpz-slick-content\">\n\t\t\t\t\t\t\t\t\t\t\t\t\t\t\t\t\t\t\t\t\t\t\t\t\t<p class=\"wpz-slick-subtitle\">2 Gr\u00f6ssen erh\u00e4ltlich<\/p>\n\t\t\t\t\t\t\t\t\t\t\t\t\t\t\t<\/div>\n\t\t\t\t\t\t\t\t\t\t\t<\/a>\n\t\t\t\t<\/div>\n\n\t\t\t\n\t\t<\/div>\n\n\t\t\t\t\t<button type=\"button\" class=\"slick-prev\"><i aria-hidden=\"true\" class=\"fas fa-chevron-left\"><\/i><\/button>\n\t\t\n\t\t\t\t\t<button type=\"button\" class=\"slick-next\"><i aria-hidden=\"true\" class=\"fas fa-chevron-right\"><\/i><\/button>\n\t\t\n\t\t\t\t<\/div>\n\t\t\t\t<\/div>\n\t\t\t\t\t<\/div>\n\t\t<\/div>\n\t\t\t\t\t\t\t<\/div>\n\t\t<\/section>\n\t\t\t\t<section class=\"elementor-section elementor-top-section elementor-element elementor-element-cf5367c elementor-section-boxed elementor-section-height-default elementor-section-height-default\" data-id=\"cf5367c\" data-element_type=\"section\">\n\t\t\t\t\t\t<div class=\"elementor-container elementor-column-gap-default\">\n\t\t\t\t\t<div class=\"elementor-column elementor-col-100 elementor-top-column elementor-element elementor-element-7c25265\" data-id=\"7c25265\" data-element_type=\"column\">\n\t\t\t<div class=\"elementor-widget-wrap\">\n\t\t\t\t\t\t\t\t\t<\/div>\n\t\t<\/div>\n\t\t\t\t\t\t\t<\/div>\n\t\t<\/section>\n\t\t\t\t\t\t<\/div>\n\t\t\t\t\t<\/div>\n\t\t","protected":false},"excerpt":{"rendered":"<p>GeoLight Legno Licht im Design der Heiligen Geometrie Licht ist nicht nur Grundlage allen Lebens, sondern auch Symbol f\u00fcr das Bewusstsein. Licht gibt uns Orientierung, innere Klarheit und F\u00fchrung. Jedes Mal, wenn uns \u201aein Licht aufgeht\u2018, schreiten wir bereichert aus einer Erfahrung heraus. Wir sind bewusster, vielleicht sogar ein bisschen weiser geworden. Heilige Geometrie ist &hellip; <\/p>\n<p class=\"link-more\"><a href=\"https:\/\/geolight.ch\/?page_id=6847\" class=\"more-link\">Mehr <span class=\"screen-reader-text\">\u00fcber &#8222;GeoLight Legno&#8220; <\/span>Lesen<\/a><\/p>\n","protected":false},"author":1,"featured_media":0,"parent":0,"menu_order":0,"comment_status":"closed","ping_status":"closed","template":"","meta":{"inspiro_hide_title":false},"featured_media_urls":[],"_links":{"self":[{"href":"https:\/\/geolight.ch\/index.php?rest_route=\/wp\/v2\/pages\/6847"}],"collection":[{"href":"https:\/\/geolight.ch\/index.php?rest_route=\/wp\/v2\/pages"}],"about":[{"href":"https:\/\/geolight.ch\/index.php?rest_route=\/wp\/v2\/types\/page"}],"author":[{"embeddable":true,"href":"https:\/\/geolight.ch\/index.php?rest_route=\/wp\/v2\/users\/1"}],"replies":[{"embeddable":true,"href":"https:\/\/geolight.ch\/index.php?rest_route=%2Fwp%2Fv2%2Fcomments&post=6847"}],"version-history":[{"count":68,"href":"https:\/\/geolight.ch\/index.php?rest_route=\/wp\/v2\/pages\/6847\/revisions"}],"predecessor-version":[{"id":7003,"href":"https:\/\/geolight.ch\/index.php?rest_route=\/wp\/v2\/pages\/6847\/revisions\/7003"}],"wp:attachment":[{"href":"https:\/\/geolight.ch\/index.php?rest_route=%2Fwp%2Fv2%2Fmedia&parent=6847"}],"curies":[{"name":"wp","href":"https:\/\/api.w.org\/{rel}","templated":true}]}}